Dec 02 00:33:16.336 INFO testing antonw1lc0x/avm against master#8940af3cea4a9a9deabcaf843b2f8cad9a83fc61 for beta-1.31-5
Dec 02 00:33:16.336 INFO running `"docker" "create" "-v" "/mnt/big/crater/work/local/target-dirs/beta-1.31-5/worker-6/master#8940af3cea4a9a9deabcaf843b2f8cad9a83fc61:/target:rw,Z" "-v" "/mnt/big/crater/work/local/test-source/worker-6/beta-1.31-5/master#8940af3cea4a9a9deabcaf843b2f8cad9a83fc61:/source:ro,Z" "-v" "/mnt/big/crater/work/local/cargo-home:/cargo-home:ro,Z" "-v" "/mnt/big/crater/work/local/rustup-home:/rustup-home:ro,Z" "-e" "USER_ID=1000" "-e" "SOURCE_DIR=/source" "-e" "USER_ID=1000" "-e" "CMD=cargo +8940af3cea4a9a9deabcaf843b2f8cad9a83fc61-alt build --frozen" "-e" "CARGO_TARGET_DIR=/target" "-e" "CARGO_INCREMENTAL=0" "-e" "RUST_BACKTRACE=full" "-e" "RUSTFLAGS=--cap-lints=warn" "-e" "CARGO_HOME=/cargo-home" "-e" "RUSTUP_HOME=/rustup-home" "-m" "1536M" "--network" "none" "crater"`
Dec 02 00:33:17.021 INFO [stdout] c6ba80fd46ba611660dff324e1e4d3605f6bdadbe071db2e0ea23beae1bbd230
Dec 02 00:33:17.023 INFO running `"docker" "start" "-a" "c6ba80fd46ba611660dff324e1e4d3605f6bdadbe071db2e0ea23beae1bbd230"`
Dec 02 00:33:18.471 INFO [stderr] usermod: no changes
Dec 02 00:33:18.535 INFO [stderr]    Compiling avm v0.1.0 (/source)
Dec 02 00:33:19.159 INFO [stderr] warning: field is never used: `opcode`
Dec 02 00:33:19.159 INFO [stderr]   --> src/instruct.rs:15:5
Dec 02 00:33:19.159 INFO [stderr]    |
Dec 02 00:33:19.159 INFO [stderr] 15 |     opcode: Opcode
Dec 02 00:33:19.159 INFO [stderr]    |     ^^^^^^^^^^^^^^
Dec 02 00:33:19.159 INFO [stderr]    |
Dec 02 00:33:19.159 INFO [stderr]    = note: #[warn(dead_code)] on by default
Dec 02 00:33:19.159 INFO [stderr] 
Dec 02 00:33:19.584 INFO [stderr]     Finished dev [unoptimized + debuginfo] target(s) in 1.08s
Dec 02 00:33:19.587 INFO [stderr] su: No module specific data is present
Dec 02 00:33:20.161 INFO running `"docker" "inspect" "c6ba80fd46ba611660dff324e1e4d3605f6bdadbe071db2e0ea23beae1bbd230"`
Dec 02 00:33:20.427 INFO running `"docker" "rm" "-f" "c6ba80fd46ba611660dff324e1e4d3605f6bdadbe071db2e0ea23beae1bbd230"`
Dec 02 00:33:20.731 INFO [stdout] c6ba80fd46ba611660dff324e1e4d3605f6bdadbe071db2e0ea23beae1bbd230
Dec 02 00:33:20.731 INFO running `"docker" "create" "-v" "/mnt/big/crater/work/local/target-dirs/beta-1.31-5/worker-6/master#8940af3cea4a9a9deabcaf843b2f8cad9a83fc61:/target:rw,Z" "-v" "/mnt/big/crater/work/local/test-source/worker-6/beta-1.31-5/master#8940af3cea4a9a9deabcaf843b2f8cad9a83fc61:/source:ro,Z" "-v" "/mnt/big/crater/work/local/cargo-home:/cargo-home:ro,Z" "-v" "/mnt/big/crater/work/local/rustup-home:/rustup-home:ro,Z" "-e" "USER_ID=1000" "-e" "SOURCE_DIR=/source" "-e" "USER_ID=1000" "-e" "CMD=cargo +8940af3cea4a9a9deabcaf843b2f8cad9a83fc61-alt test --frozen --no-run" "-e" "CARGO_TARGET_DIR=/target" "-e" "CARGO_INCREMENTAL=0" "-e" "RUST_BACKTRACE=full" "-e" "RUSTFLAGS=--cap-lints=warn" "-e" "CARGO_HOME=/cargo-home" "-e" "RUSTUP_HOME=/rustup-home" "-m" "1536M" "--network" "none" "crater"`
Dec 02 00:33:21.251 INFO [stdout] 07b14a789e4bc6f08e0c9dc8aee52b77fe28f49a2ce24dae528d532476b268d2
Dec 02 00:33:21.255 INFO running `"docker" "start" "-a" "07b14a789e4bc6f08e0c9dc8aee52b77fe28f49a2ce24dae528d532476b268d2"`
Dec 02 00:33:22.763 INFO [stderr] usermod: no changes
Dec 02 00:33:22.811 INFO [stderr]    Compiling avm v0.1.0 (/source)
Dec 02 00:33:24.206 INFO [stderr]     Finished dev [unoptimized + debuginfo] target(s) in 1.43s
Dec 02 00:33:24.208 INFO [stderr] su: No module specific data is present
Dec 02 00:33:24.983 INFO running `"docker" "inspect" "07b14a789e4bc6f08e0c9dc8aee52b77fe28f49a2ce24dae528d532476b268d2"`
Dec 02 00:33:25.447 INFO running `"docker" "rm" "-f" "07b14a789e4bc6f08e0c9dc8aee52b77fe28f49a2ce24dae528d532476b268d2"`
Dec 02 00:33:25.675 INFO [stdout] 07b14a789e4bc6f08e0c9dc8aee52b77fe28f49a2ce24dae528d532476b268d2
Dec 02 00:33:25.676 INFO running `"docker" "create" "-v" "/mnt/big/crater/work/local/target-dirs/beta-1.31-5/worker-6/master#8940af3cea4a9a9deabcaf843b2f8cad9a83fc61:/target:rw,Z" "-v" "/mnt/big/crater/work/local/test-source/worker-6/beta-1.31-5/master#8940af3cea4a9a9deabcaf843b2f8cad9a83fc61:/source:ro,Z" "-v" "/mnt/big/crater/work/local/cargo-home:/cargo-home:ro,Z" "-v" "/mnt/big/crater/work/local/rustup-home:/rustup-home:ro,Z" "-e" "USER_ID=1000" "-e" "SOURCE_DIR=/source" "-e" "USER_ID=1000" "-e" "CMD=cargo +8940af3cea4a9a9deabcaf843b2f8cad9a83fc61-alt test --frozen" "-e" "CARGO_TARGET_DIR=/target" "-e" "CARGO_INCREMENTAL=0" "-e" "RUST_BACKTRACE=full" "-e" "RUSTFLAGS=--cap-lints=warn" "-e" "CARGO_HOME=/cargo-home" "-e" "RUSTUP_HOME=/rustup-home" "-m" "1536M" "--network" "none" "crater"`
Dec 02 00:33:26.044 INFO [stdout] 3aa7d0596e2a8ebae1723ff9c6e10bb0a878dd54b715c1c7aa2e870cc7514b2d
Dec 02 00:33:26.047 INFO running `"docker" "start" "-a" "3aa7d0596e2a8ebae1723ff9c6e10bb0a878dd54b715c1c7aa2e870cc7514b2d"`
Dec 02 00:33:27.594 INFO [stderr] usermod: no changes
Dec 02 00:33:27.667 INFO [stderr]     Finished dev [unoptimized + debuginfo] target(s) in 0.04s
Dec 02 00:33:27.667 INFO [stderr]      Running /target/debug/deps/avm-b47801e06e336ba6
Dec 02 00:33:27.675 INFO [stdout] 
Dec 02 00:33:27.675 INFO [stdout] running 4 tests
Dec 02 00:33:27.675 INFO [stdout] test instruct::test::test_crate_hlt ... ok
Dec 02 00:33:27.675 INFO [stdout] test instruct::test::test_crate_instruct ... ok
Dec 02 00:33:27.732 INFO [stdout] test vm::test::test_jmp_opcode ... FAILED
Dec 02 00:33:27.732 INFO [stdout] test vm::test::test_jmpf_opcode ... FAILED
Dec 02 00:33:27.732 INFO [stdout] 
Dec 02 00:33:27.732 INFO [stdout] failures:
Dec 02 00:33:27.732 INFO [stdout] 
Dec 02 00:33:27.732 INFO [stdout] ---- vm::test::test_jmp_opcode stdout ----
Dec 02 00:33:27.732 INFO [stdout] thread 'vm::test::test_jmp_opcode' panicked at 'assertion failed: `(left == right)`
Dec 02 00:33:27.732 INFO [stdout]   left: `3`,
Dec 02 00:33:27.732 INFO [stdout]  right: `1`', src/vm.rs:147:9
Dec 02 00:33:27.732 INFO [stdout] stack backtrace:
Dec 02 00:33:27.732 INFO [stdout]    0:     0x55d66075a96f - std::sys::unix::backtrace::tracing::imp::unwind_backtrace::h3a8b83e1922cbdde
Dec 02 00:33:27.732 INFO [stdout]                                at libstd/sys/unix/backtrace/tracing/gcc_s.rs:49
Dec 02 00:33:27.732 INFO [stdout]    1:     0x55d6607639b7 - std::sys_common::backtrace::print::h00d3155a29b4020f
Dec 02 00:33:27.732 INFO [stdout]                                at libstd/sys_common/backtrace.rs:71
Dec 02 00:33:27.732 INFO [stdout]                                at libstd/sys_common/backtrace.rs:59
Dec 02 00:33:27.732 INFO [stdout]    2:     0x55d66075e69f - std::panicking::default_hook::{{closure}}::hd7465c742e79e1bb
Dec 02 00:33:27.732 INFO [stdout]                                at libstd/panicking.rs:211
Dec 02 00:33:27.732 INFO [stdout]    3:     0x55d66075e39e - std::panicking::default_hook::h9e3966f2aa2a6e12
Dec 02 00:33:27.732 INFO [stdout]                                at libstd/panicking.rs:221
Dec 02 00:33:27.732 INFO [stdout]    4:     0x55d66075ed7e - std::panicking::rust_panic_with_hook::h587f091ae747d080
Dec 02 00:33:27.732 INFO [stdout]                                at libstd/panicking.rs:476
Dec 02 00:33:27.732 INFO [stdout]    5:     0x55d66075e921 - std::panicking::continue_panic_fmt::hb3a4fdede87f43a8
Dec 02 00:33:27.732 INFO [stdout]                                at libstd/panicking.rs:390
Dec 02 00:33:27.732 INFO [stdout]    6:     0x55d66075e86e - std::panicking::begin_panic_fmt::h387afc7da9a10555
Dec 02 00:33:27.732 INFO [stdout]                                at libstd/panicking.rs:345
Dec 02 00:33:27.732 INFO [stdout]    7:     0x55d66070ab8b - avm::vm::test::test_jmp_opcode::h212d47d88f1ca6b5
Dec 02 00:33:27.732 INFO [stdout]                                at src/vm.rs:147
Dec 02 00:33:27.732 INFO [stdout]    8:     0x55d66070a969 - avm::vm::test::test_jmp_opcode::{{closure}}::h9eac530fa870f317
Dec 02 00:33:27.732 INFO [stdout]                                at src/vm.rs:142
Dec 02 00:33:27.732 INFO [stdout]    9:     0x55d66070b61d - core::ops::function::FnOnce::call_once::he6c1b623ff005538
Dec 02 00:33:27.732 INFO [stdout]                                at libcore/ops/function.rs:238
Dec 02 00:33:27.732 INFO [stdout]   10:     0x55d66070e79e - <F as alloc::boxed::FnBox<A>>::call_box::hac903f91577a156c
Dec 02 00:33:27.732 INFO [stdout]                                at libtest/lib.rs:1468
Dec 02 00:33:27.732 INFO [stdout]                                at libcore/ops/function.rs:238
Dec 02 00:33:27.732 INFO [stdout]                                at liballoc/boxed.rs:672
Dec 02 00:33:27.732 INFO [stdout]   11:     0x55d66076e969 - __rust_maybe_catch_panic
Dec 02 00:33:27.732 INFO [stdout]                                at libpanic_unwind/lib.rs:102
Dec 02 00:33:27.732 INFO [stdout]   12:     0x55d6607303f2 - std::sys_common::backtrace::__rust_begin_short_backtrace::hb8f0d0309526c184
Dec 02 00:33:27.732 INFO [stdout]                                at libstd/panicking.rs:289
Dec 02 00:33:27.732 INFO [stdout]                                at libstd/panic.rs:392
Dec 02 00:33:27.732 INFO [stdout]                                at libtest/lib.rs:1423
Dec 02 00:33:27.732 INFO [stdout]                                at libstd/sys_common/backtrace.rs:136
Dec 02 00:33:27.732 INFO [stdout]   13:     0x55d660730ea4 - std::panicking::try::do_call::hc2f7c8b9a348d8db
Dec 02 00:33:27.732 INFO [stdout]                                at libstd/thread/mod.rs:409
Dec 02 00:33:27.732 INFO [stdout]                                at libstd/panic.rs:313
Dec 02 00:33:27.732 INFO [stdout]                                at libstd/panicking.rs:310
Dec 02 00:33:27.732 INFO [stdout]   14:     0x55d66076e969 - __rust_maybe_catch_panic
Dec 02 00:33:27.732 INFO [stdout]                                at libpanic_unwind/lib.rs:102
Dec 02 00:33:27.732 INFO [stdout]   15:     0x55d66071e0dc - <F as alloc::boxed::FnBox<A>>::call_box::h6bfded618e480b32
Dec 02 00:33:27.732 INFO [stdout]                                at libstd/panicking.rs:289
Dec 02 00:33:27.732 INFO [stdout]                                at libstd/panic.rs:392
Dec 02 00:33:27.732 INFO [stdout]                                at libstd/thread/mod.rs:408
Dec 02 00:33:27.732 INFO [stdout]                                at liballoc/boxed.rs:672
Dec 02 00:33:27.732 INFO [stdout]   16:     0x55d66075c58d - std::sys_common::thread::start_thread::h4c28257d67cdf9cb
Dec 02 00:33:27.732 INFO [stdout]                                at liballoc/boxed.rs:682
Dec 02 00:33:27.732 INFO [stdout]                                at libstd/sys_common/thread.rs:24
Dec 02 00:33:27.732 INFO [stdout]   17:     0x55d660751aa5 - std::sys::unix::thread::Thread::new::thread_start::hfecb2e7eff8fd34f
Dec 02 00:33:27.732 INFO [stdout]                                at libstd/sys/unix/thread.rs:90
Dec 02 00:33:27.732 INFO [stdout]   18:     0x7f4b548f76b9 - start_thread
Dec 02 00:33:27.732 INFO [stdout]   19:     0x7f4b5441741c - clone
Dec 02 00:33:27.732 INFO [stdout]   20:                0x0 - <unknown>
Dec 02 00:33:27.732 INFO [stdout] 
Dec 02 00:33:27.732 INFO [stdout] ---- vm::test::test_jmpf_opcode stdout ----
Dec 02 00:33:27.732 INFO [stdout] Unrecognized opcode found! Terminating!
Dec 02 00:33:27.733 INFO [stdout] thread 'vm::test::test_jmpf_opcode' panicked at 'assertion failed: `(left == right)`
Dec 02 00:33:27.733 INFO [stdout]   left: `5`,
Dec 02 00:33:27.733 INFO [stdout]  right: `4`', src/vm.rs:156:9
Dec 02 00:33:27.733 INFO [stdout] stack backtrace:
Dec 02 00:33:27.733 INFO [stdout]    0:     0x55d66075a96f - std::sys::unix::backtrace::tracing::imp::unwind_backtrace::h3a8b83e1922cbdde
Dec 02 00:33:27.733 INFO [stdout]                                at libstd/sys/unix/backtrace/tracing/gcc_s.rs:49
Dec 02 00:33:27.733 INFO [stdout]    1:     0x55d6607639b7 - std::sys_common::backtrace::print::h00d3155a29b4020f
Dec 02 00:33:27.733 INFO [stdout]                                at libstd/sys_common/backtrace.rs:71
Dec 02 00:33:27.733 INFO [stdout]                                at libstd/sys_common/backtrace.rs:59
Dec 02 00:33:27.733 INFO [stdout]    2:     0x55d66075e69f - std::panicking::default_hook::{{closure}}::hd7465c742e79e1bb
Dec 02 00:33:27.733 INFO [stdout]                                at libstd/panicking.rs:211
Dec 02 00:33:27.733 INFO [stdout]    3:     0x55d66075e39e - std::panicking::default_hook::h9e3966f2aa2a6e12
Dec 02 00:33:27.733 INFO [stdout]                                at libstd/panicking.rs:221
Dec 02 00:33:27.733 INFO [stdout]    4:     0x55d66075ed7e - std::panicking::rust_panic_with_hook::h587f091ae747d080
Dec 02 00:33:27.733 INFO [stdout]                                at libstd/panicking.rs:476
Dec 02 00:33:27.733 INFO [stdout]    5:     0x55d66075e921 - std::panicking::continue_panic_fmt::hb3a4fdede87f43a8
Dec 02 00:33:27.733 INFO [stdout]                                at libstd/panicking.rs:390
Dec 02 00:33:27.733 INFO [stdout]    6:     0x55d66075e86e - std::panicking::begin_panic_fmt::h387afc7da9a10555
Dec 02 00:33:27.733 INFO [stdout]                                at libstd/panicking.rs:345
Dec 02 00:33:27.733 INFO [stdout]    7:     0x55d66070ae5b - avm::vm::test::test_jmpf_opcode::he01cb4e4ef0a11b6
Dec 02 00:33:27.733 INFO [stdout]                                at src/vm.rs:156
Dec 02 00:33:27.733 INFO [stdout]    8:     0x55d66070ac29 - avm::vm::test::test_jmpf_opcode::{{closure}}::ha7bb71e192486cee
Dec 02 00:33:27.733 INFO [stdout]                                at src/vm.rs:151
Dec 02 00:33:27.733 INFO [stdout]    9:     0x55d66070b59d - core::ops::function::FnOnce::call_once::hb99f736177501215
Dec 02 00:33:27.733 INFO [stdout]                                at libcore/ops/function.rs:238
Dec 02 00:33:27.733 INFO [stdout]   10:     0x55d66070e79e - <F as alloc::boxed::FnBox<A>>::call_box::hac903f91577a156c
Dec 02 00:33:27.733 INFO [stdout]                                at libtest/lib.rs:1468
Dec 02 00:33:27.733 INFO [stdout]                                at libcore/ops/function.rs:238
Dec 02 00:33:27.733 INFO [stdout]                                at liballoc/boxed.rs:672
Dec 02 00:33:27.733 INFO [stdout]   11:     0x55d66076e969 - __rust_maybe_catch_panic
Dec 02 00:33:27.733 INFO [stdout]                                at libpanic_unwind/lib.rs:102
Dec 02 00:33:27.733 INFO [stdout]   12:     0x55d6607303f2 - std::sys_common::backtrace::__rust_begin_short_backtrace::hb8f0d0309526c184
Dec 02 00:33:27.733 INFO [stdout]                                at libstd/panicking.rs:289
Dec 02 00:33:27.733 INFO [stdout]                                at libstd/panic.rs:392
Dec 02 00:33:27.733 INFO [stdout]                                at libtest/lib.rs:1423
Dec 02 00:33:27.733 INFO [stdout]                                at libstd/sys_common/backtrace.rs:136
Dec 02 00:33:27.733 INFO [stdout]   13:     0x55d660730ea4 - std::panicking::try::do_call::hc2f7c8b9a348d8db
Dec 02 00:33:27.733 INFO [stdout]                                at libstd/thread/mod.rs:409
Dec 02 00:33:27.733 INFO [stdout]                                at libstd/panic.rs:313
Dec 02 00:33:27.733 INFO [stdout]                                at libstd/panicking.rs:310
Dec 02 00:33:27.733 INFO [stdout]   14:     0x55d66076e969 - __rust_maybe_catch_panic
Dec 02 00:33:27.733 INFO [stdout]                                at libpanic_unwind/lib.rs:102
Dec 02 00:33:27.733 INFO [stdout]   15:     0x55d66071e0dc - <F as alloc::boxed::FnBox<A>>::call_box::h6bfded618e480b32
Dec 02 00:33:27.733 INFO [stdout]                                at libstd/panicking.rs:289
Dec 02 00:33:27.733 INFO [stdout]                                at libstd/panic.rs:392
Dec 02 00:33:27.733 INFO [stdout]                                at libstd/thread/mod.rs:408
Dec 02 00:33:27.733 INFO [stdout]                                at liballoc/boxed.rs:672
Dec 02 00:33:27.733 INFO [stdout]   16:     0x55d66075c58d - std::sys_common::thread::start_thread::h4c28257d67cdf9cb
Dec 02 00:33:27.733 INFO [stdout]                                at liballoc/boxed.rs:682
Dec 02 00:33:27.733 INFO [stdout]                                at libstd/sys_common/thread.rs:24
Dec 02 00:33:27.733 INFO [stdout]   17:     0x55d660751aa5 - std::sys::unix::thread::Thread::new::thread_start::hfecb2e7eff8fd34f
Dec 02 00:33:27.733 INFO [stdout]                                at libstd/sys/unix/thread.rs:90
Dec 02 00:33:27.733 INFO [stdout]   18:     0x7f4b548f76b9 - start_thread
Dec 02 00:33:27.733 INFO [stdout]   19:     0x7f4b5441741c - clone
Dec 02 00:33:27.733 INFO [stdout]   20:                0x0 - <unknown>
Dec 02 00:33:27.733 INFO [stdout] 
Dec 02 00:33:27.733 INFO [stdout] 
Dec 02 00:33:27.733 INFO [stdout] failures:
Dec 02 00:33:27.733 INFO [stdout]     vm::test::test_jmp_opcode
Dec 02 00:33:27.733 INFO [stdout]     vm::test::test_jmpf_opcode
Dec 02 00:33:27.733 INFO [stdout] 
Dec 02 00:33:27.733 INFO [stdout] test result: FAILED. 2 passed; 2 failed; 0 ignored; 0 measured; 0 filtered out
Dec 02 00:33:27.733 INFO [stdout] 
Dec 02 00:33:27.743 INFO [stderr] error: test failed, to rerun pass '--bin avm'
Dec 02 00:33:27.743 INFO [stderr] su: No module specific data is present
Dec 02 00:33:28.587 INFO running `"docker" "inspect" "3aa7d0596e2a8ebae1723ff9c6e10bb0a878dd54b715c1c7aa2e870cc7514b2d"`
Dec 02 00:33:28.868 INFO running `"docker" "rm" "-f" "3aa7d0596e2a8ebae1723ff9c6e10bb0a878dd54b715c1c7aa2e870cc7514b2d"`
Dec 02 00:33:29.131 INFO [stdout] 3aa7d0596e2a8ebae1723ff9c6e10bb0a878dd54b715c1c7aa2e870cc7514b2d
